{"id":486,"date":"2025-03-22T10:16:43","date_gmt":"2025-03-22T09:16:43","guid":{"rendered":"https:\/\/digi-partner.ch\/?page_id=486"},"modified":"2025-03-24T18:11:05","modified_gmt":"2025-03-24T17:11:05","slug":"fuer-senioren","status":"publish","type":"page","link":"https:\/\/digi-partner.ch\/?page_id=486","title":{"rendered":"F\u00fcr Senioren"},"content":{"rendered":"<div class=\"wp-block-image wp-duotone-grayscale\">\n<figure class=\"alignright size-full is-resized\"><img loading=\"lazy\" decoding=\"async\" width=\"512\" height=\"512\" src=\"https:\/\/digi-partner.ch\/wp-content\/uploads\/2025\/03\/senior1.png\" alt=\"\" class=\"wp-image-476\" style=\"width:121px;height:auto\" srcset=\"https:\/\/digi-partner.ch\/wp-content\/uploads\/2025\/03\/senior1.png 512w, https:\/\/digi-partner.ch\/wp-content\/uploads\/2025\/03\/senior1-300x300.png 300w, https:\/\/digi-partner.ch\/wp-content\/uploads\/2025\/03\/senior1-150x150.png 150w\" sizes=\"auto, (max-width: 512px) 100vw, 512px\" \/><\/figure>\n<\/div>\n\n\n<div class=\"wp-block-group has-nv-site-bg-background-color has-background\" style=\"border-radius:0px;border-top-color:var(--wp--preset--color--nv-c-2);border-top-style:solid;border-top-width:5px;border-right-style:none;border-right-width:0px;border-bottom-style:none;border-bottom-width:0px;border-left-style:none;border-left-width:0px;padding-top:var(--wp--preset--spacing--20);padding-right:var(--wp--preset--spacing--20);padding-bottom:var(--wp--preset--spacing--20);padding-left:var(--wp--preset--spacing--20)\"><div class=\"wp-block-group__inner-container is-layout-constrained wp-container-core-group-is-layout-689b0661 wp-block-group-is-layout-constrained\">\n<p class=\"has-neve-text-color-color has-text-color has-link-color has-medium-font-size wp-elements-11a5b0ae778941d95d67a88171e26fce\" style=\"border-style:none;border-width:0px;letter-spacing:0.3px\">Wir bieten Ihnen verschiedene M\u00f6glichkeiten, um Unterst\u00fctzung zu erhalten.<br><br>Wir tun dies in ganz individueller Art, so wie es f\u00fcr Sie stimmt. Unser Ziel ist es, Sie so zu unterst\u00fctzen, dass Sie danach selbstst\u00e4ndig die Herausforderungen der heutigen Technologie meistern k\u00f6nnen.<\/p>\n\n\n\n<div style=\"height:31px\" aria-hidden=\"true\" class=\"wp-block-spacer\"><\/div>\n\n\n\n<p><\/p>\n\n\n\n<p class=\"has-medium-font-size\"><\/p>\n\n\n\n<div class=\"wp-block-columns are-vertically-aligned-top is-layout-flex wp-container-core-columns-is-layout-9d6595d7 wp-block-columns-is-layout-flex\">\n<div class=\"wp-block-column is-vertically-aligned-top is-layout-flow wp-block-column-is-layout-flow\" style=\"border-radius:24px;border-top-color:var(--wp--preset--color--nv-c-2);border-top-width:4px;border-bottom-color:var(--wp--preset--color--nv-c-2);border-bottom-width:2px;padding-top:var(--wp--preset--spacing--20);padding-bottom:var(--wp--preset--spacing--20)\">\n<h3 class=\"wp-block-heading has-text-align-center has-large-font-size\" style=\"border-style:none;border-width:0px\">Erstgespr\u00e4ch<\/h3>\n\n\n\n<p class=\"has-text-align-center has-medium-font-size\">Ein erstes Telefonat mit uns. Erz\u00e4hlen Sie uns, f\u00fcr was Sie uns ben\u00f6tigen, welche Fragen Sie besch\u00e4ftigen oder wie wir Ihnen Unterst\u00fctzung bieten k\u00f6nnen. <\/p>\n\n\n\n<p class=\"has-text-align-center has-medium-font-size\">Gerne zeigen wir Ihnen auf, wie wir Sie begleiten und helfen k\u00f6nnen.<\/p>\n\n\n\n<hr class=\"wp-block-separator has-alpha-channel-opacity\"\/>\n\n\n\n<p class=\"has-text-align-center has-medium-font-size\"><strong>Erste 30 Minuten gratis.<\/strong><br><br>Danach gilt die <a href=\"https:\/\/digi-partner.ch\/#tarife\">Tarif\u00fcbersicht<\/a> unter<br><em>Privatpersonen (Seniorentarif)<\/em>.<\/p>\n<\/div>\n\n\n\n<div class=\"wp-block-column is-vertically-aligned-top is-layout-flow wp-block-column-is-layout-flow\" style=\"border-radius:24px;border-top-color:var(--wp--preset--color--nv-site-bg);border-top-width:5px;padding-top:var(--wp--preset--spacing--20);padding-bottom:var(--wp--preset--spacing--20)\">\n<h3 class=\"wp-block-heading has-text-align-center has-large-font-size\" style=\"border-radius:0px;border-top-style:none;border-top-width:0px\"><\/h3>\n<\/div>\n\n\n\n<div class=\"wp-block-column is-vertically-aligned-top is-layout-flow wp-block-column-is-layout-flow\" style=\"border-radius:24px;border-top-color:var(--wp--preset--color--nv-site-bg);border-top-width:4px;padding-top:var(--wp--preset--spacing--20);padding-bottom:var(--wp--preset--spacing--20)\">\n<h4 class=\"wp-block-heading has-text-align-center has-large-font-size\"><\/h4>\n<\/div>\n<\/div>\n\n\n\n<p><\/p>\n\n\n\n<div class=\"wp-block-columns are-vertically-aligned-top is-layout-flex wp-container-core-columns-is-layout-9d6595d7 wp-block-columns-is-layout-flex\">\n<div class=\"wp-block-column is-vertically-aligned-top is-layout-flow wp-block-column-is-layout-flow\" style=\"border-radius:24px;border-top-color:var(--wp--preset--color--nv-c-2);border-top-width:4px;border-bottom-color:var(--wp--preset--color--nv-c-2);border-bottom-width:2px;padding-top:var(--wp--preset--spacing--20);padding-bottom:var(--wp--preset--spacing--20)\">\n<h3 class=\"wp-block-heading has-text-align-center has-large-font-size\" style=\"border-style:none;border-width:0px\">Pers\u00f6nlicher<br>Support<\/h3>\n\n\n\n<p class=\"has-text-align-center has-medium-font-size\">Wir beraten Sie pers\u00f6nlich, wenn Sie m\u00f6chten bei Ihnen oder an einem neutralen Ort. Stellen Sie uns alle ihre Fragen der digitalen Welt, teilen Sie mit uns Ihre Herausforderungen oder reden Sie mit uns \u00fcber IT-Sicherheit und den Herausforderungen, Betrugsversuche zu erkennen.<\/p>\n\n\n\n<p class=\"has-text-align-center has-medium-font-size\">Ebenso k\u00f6nnen wir Ihnen Empfehlungen zur Nutzung Ihres Smartphones abgeben oder Sie bei der Bedienung anleiten.<\/p>\n\n\n\n<p class=\"has-text-align-center has-medium-font-size\">Ganz nach Ihren Bed\u00fcrfnissen &#8211; <br><strong><em>flexibel und auf Sie zugeschnitten!<\/em><\/strong><\/p>\n\n\n\n<hr class=\"wp-block-separator has-alpha-channel-opacity\"\/>\n\n\n\n<p class=\"has-text-align-center has-medium-font-size\">Es gilt die <a href=\"https:\/\/digi-partner.ch\/#tarife\">Tarif\u00fcbersicht<\/a> unter<br><em>Privatpersonen (Seniorentarif)<\/em>.<\/p>\n<\/div>\n\n\n\n<div class=\"wp-block-column is-vertically-aligned-top is-layout-flow wp-block-column-is-layout-flow\" style=\"border-radius:24px;border-top-color:var(--wp--preset--color--nv-c-2);border-top-width:5px;border-bottom-color:var(--wp--preset--color--nv-c-2);border-bottom-width:2px;padding-top:var(--wp--preset--spacing--20);padding-bottom:var(--wp--preset--spacing--20)\">\n<h3 class=\"wp-block-heading has-text-align-center has-large-font-size\">Pers\u00f6nliche Betreuung<\/h3>\n\n\n\n<p class=\"has-text-align-center has-medium-font-size\">Unterst\u00fctzung bei Ihnen zu Hause. Wir r\u00e4umen Ihren PC auf und aktualisieren diesen, k\u00fcmmern uns um dessen Sicherheitseinstellungen oder optimieren Ihr WLAN.<\/p>\n\n\n\n<p class=\"has-text-align-center has-medium-font-size\">Wir k\u00f6nnen vertieft auf Ihre Fragen und Anliegen eingehen. Einzelne Probleme k\u00f6nnen wir gemeinsam besprechen und und sofort justieren oder anpassen.<\/p>\n\n\n\n<hr class=\"wp-block-separator has-alpha-channel-opacity\"\/>\n\n\n\n<p class=\"has-text-align-center has-medium-font-size\">Es gilt die <a href=\"https:\/\/digi-partner.ch\/#tarife\">Tarif\u00fcbersicht<\/a> unter<br><em>Privatpersonen (Seniorentarif)<\/em>.<\/p>\n<\/div>\n\n\n\n<div class=\"wp-block-column is-vertically-aligned-top is-layout-flow wp-block-column-is-layout-flow\" style=\"border-radius:24px;border-top-color:var(--wp--preset--color--nv-c-2);border-top-width:4px;border-bottom-color:var(--wp--preset--color--nv-c-2);border-bottom-width:2px;padding-top:var(--wp--preset--spacing--20);padding-bottom:var(--wp--preset--spacing--20)\">\n<h3 class=\"wp-block-heading has-text-align-center has-large-font-size\">Betreuung<br>im Abo<\/h3>\n\n\n\n<p class=\"has-text-align-center has-medium-font-size\">Sie k\u00f6nnen zu Ihrer Unterst\u00fctzung auch eine Stunden-Abonnement abschliessen. Je nach Anzahl der ben\u00f6tigten Stunden erhalten Sie von uns ein entsprechendes Angebot.<\/p>\n\n\n\n<hr class=\"wp-block-separator has-alpha-channel-opacity\"\/>\n\n\n\n<p class=\"has-text-align-center has-medium-font-size\">Es gilt die <a href=\"https:\/\/digi-partner.ch\/#tarife\">Tarif\u00fcbersicht<\/a> unter<br><em>Digi-Partner im Stunden-Abo<\/em>.<\/p>\n<\/div>\n<\/div>\n\n\n\n<div class=\"wp-block-buttons is-layout-flex wp-block-buttons-is-layout-flex\">\n<div class=\"wp-block-button has-custom-font-size has-small-font-size\"><a class=\"wp-block-button__link has-neve-link-color-background-color has-background wp-element-button\" href=\"https:\/\/digi-partner.ch\/\">Zur\u00fcck<\/a><\/div>\n<\/div>\n\n\n\n<div class=\"wp-block-buttons is-layout-flex wp-block-buttons-is-layout-flex\"><\/div>\n\n\n\n<p><\/p>\n<\/div><\/div>\n","protected":false},"excerpt":{"rendered":"<p>Wir bieten Ihnen verschiedene M\u00f6glichkeiten, um Unterst\u00fctzung zu erhalten. Wir tun dies in ganz individueller Art, so wie es f\u00fcr Sie stimmt. Unser Ziel ist es, Sie so zu unterst\u00fctzen, dass Sie danach selbstst\u00e4ndig die Herausforderungen der heutigen Technologie meistern k\u00f6nnen. Erstgespr\u00e4ch Ein erstes Telefonat mit uns. Erz\u00e4hlen Sie uns, f\u00fcr was Sie uns ben\u00f6tigen,&hellip;&nbsp;<a href=\"https:\/\/digi-partner.ch\/?page_id=486\" rel=\"bookmark\">Weiterlesen &raquo;<span class=\"screen-reader-text\">F\u00fcr Senioren<\/span><\/a><\/p>\n","protected":false},"author":1,"featured_media":0,"parent":0,"menu_order":0,"comment_status":"closed","ping_status":"closed","template":"","meta":{"neve_meta_sidebar":"","neve_meta_container":"","neve_meta_enable_content_width":"","neve_meta_content_width":0,"neve_meta_title_alignment":"","neve_meta_author_avatar":"","neve_post_elements_order":"","neve_meta_disable_header":"off","neve_meta_disable_footer":"","neve_meta_disable_title":"","footnotes":""},"class_list":["post-486","page","type-page","status-publish","hentry"],"yoast_head":"<!-- This site is optimized with the Yoast SEO plugin v27.0 - https:\/\/yoast.com\/product\/yoast-seo-wordpress\/ -->\n<title>F\u00fcr Senioren - Unterst\u00fctzung in der digitalen Welt<\/title>\n<meta name=\"description\" content=\"Sie suchen Unterst\u00fctzung und m\u00f6chten mit einem Coach ein spezifisches Thema \u00fcber einen begrenzten Zeitraum besprechen um weiterzukommen?\" \/>\n<meta name=\"robots\" content=\"index, follow, max-snippet:-1, max-image-preview:large, max-video-preview:-1\" \/>\n<link rel=\"canonical\" href=\"https:\/\/digi-partner.ch\/?page_id=486\" \/>\n<meta property=\"og:locale\" content=\"de_DE\" \/>\n<meta property=\"og:type\" content=\"article\" \/>\n<meta property=\"og:title\" content=\"F\u00fcr Senioren - Unterst\u00fctzung in der digitalen Welt\" \/>\n<meta property=\"og:description\" content=\"Sie suchen Unterst\u00fctzung und m\u00f6chten mit einem Coach ein spezifisches Thema \u00fcber einen begrenzten Zeitraum besprechen um weiterzukommen?\" \/>\n<meta property=\"og:url\" content=\"https:\/\/digi-partner.ch\/?page_id=486\" \/>\n<meta property=\"og:site_name\" content=\"Digi-Partner\" \/>\n<meta property=\"article:modified_time\" content=\"2025-03-24T17:11:05+00:00\" \/>\n<meta property=\"og:image\" content=\"https:\/\/digi-partner.ch\/wp-content\/uploads\/2025\/03\/senior1.png\" \/>\n\t<meta property=\"og:image:width\" content=\"512\" \/>\n\t<meta property=\"og:image:height\" content=\"512\" \/>\n\t<meta property=\"og:image:type\" content=\"image\/png\" \/>\n<meta name=\"twitter:card\" content=\"summary_large_image\" \/>\n<meta name=\"twitter:label1\" content=\"Gesch\u00e4tzte Lesezeit\" \/>\n\t<meta name=\"twitter:data1\" content=\"2\u00a0Minuten\" \/>\n<script type=\"application\/ld+json\" class=\"yoast-schema-graph\">{\"@context\":\"https:\/\/schema.org\",\"@graph\":[{\"@type\":\"WebPage\",\"@id\":\"https:\/\/digi-partner.ch\/?page_id=486\",\"url\":\"https:\/\/digi-partner.ch\/?page_id=486\",\"name\":\"F\u00fcr Senioren - Unterst\u00fctzung in der digitalen Welt\",\"isPartOf\":{\"@id\":\"https:\/\/digi-partner.ch\/#website\"},\"primaryImageOfPage\":{\"@id\":\"https:\/\/digi-partner.ch\/?page_id=486#primaryimage\"},\"image\":{\"@id\":\"https:\/\/digi-partner.ch\/?page_id=486#primaryimage\"},\"thumbnailUrl\":\"https:\/\/digi-partner.ch\/wp-content\/uploads\/2025\/03\/senior1.png\",\"datePublished\":\"2025-03-22T09:16:43+00:00\",\"dateModified\":\"2025-03-24T17:11:05+00:00\",\"description\":\"Sie suchen Unterst\u00fctzung und m\u00f6chten mit einem Coach ein spezifisches Thema \u00fcber einen begrenzten Zeitraum besprechen um weiterzukommen?\",\"breadcrumb\":{\"@id\":\"https:\/\/digi-partner.ch\/?page_id=486#breadcrumb\"},\"inLanguage\":\"de\",\"potentialAction\":[{\"@type\":\"ReadAction\",\"target\":[\"https:\/\/digi-partner.ch\/?page_id=486\"]}]},{\"@type\":\"ImageObject\",\"inLanguage\":\"de\",\"@id\":\"https:\/\/digi-partner.ch\/?page_id=486#primaryimage\",\"url\":\"https:\/\/digi-partner.ch\/wp-content\/uploads\/2025\/03\/senior1.png\",\"contentUrl\":\"https:\/\/digi-partner.ch\/wp-content\/uploads\/2025\/03\/senior1.png\",\"width\":512,\"height\":512},{\"@type\":\"BreadcrumbList\",\"@id\":\"https:\/\/digi-partner.ch\/?page_id=486#breadcrumb\",\"itemListElement\":[{\"@type\":\"ListItem\",\"position\":1,\"name\":\"Startseite\",\"item\":\"https:\/\/digi-partner.ch\/\"},{\"@type\":\"ListItem\",\"position\":2,\"name\":\"F\u00fcr Senioren\"}]},{\"@type\":\"WebSite\",\"@id\":\"https:\/\/digi-partner.ch\/#website\",\"url\":\"https:\/\/digi-partner.ch\/\",\"name\":\"Digi-Partner\",\"description\":\"F\u00fcr Privatpersonen und KMU: Beratung, Coaching, Unterst\u00fctzung, Support und Schulung\",\"publisher\":{\"@id\":\"https:\/\/digi-partner.ch\/#organization\"},\"potentialAction\":[{\"@type\":\"SearchAction\",\"target\":{\"@type\":\"EntryPoint\",\"urlTemplate\":\"https:\/\/digi-partner.ch\/?s={search_term_string}\"},\"query-input\":{\"@type\":\"PropertyValueSpecification\",\"valueRequired\":true,\"valueName\":\"search_term_string\"}}],\"inLanguage\":\"de\"},{\"@type\":\"Organization\",\"@id\":\"https:\/\/digi-partner.ch\/#organization\",\"name\":\"Digi-Partner\",\"url\":\"https:\/\/digi-partner.ch\/\",\"logo\":{\"@type\":\"ImageObject\",\"inLanguage\":\"de\",\"@id\":\"https:\/\/digi-partner.ch\/#\/schema\/logo\/image\/\",\"url\":\"https:\/\/digi-partner.ch\/wp-content\/uploads\/2024\/11\/cropped-1-b69f62ec_transparent-1.png\",\"contentUrl\":\"https:\/\/digi-partner.ch\/wp-content\/uploads\/2024\/11\/cropped-1-b69f62ec_transparent-1.png\",\"width\":200,\"height\":160,\"caption\":\"Digi-Partner\"},\"image\":{\"@id\":\"https:\/\/digi-partner.ch\/#\/schema\/logo\/image\/\"}}]}<\/script>\n<!-- \/ Yoast SEO plugin. -->","yoast_head_json":{"title":"F\u00fcr Senioren - Unterst\u00fctzung in der digitalen Welt","description":"Sie suchen Unterst\u00fctzung und m\u00f6chten mit einem Coach ein spezifisches Thema \u00fcber einen begrenzten Zeitraum besprechen um weiterzukommen?","robots":{"index":"index","follow":"follow","max-snippet":"max-snippet:-1","max-image-preview":"max-image-preview:large","max-video-preview":"max-video-preview:-1"},"canonical":"https:\/\/digi-partner.ch\/?page_id=486","og_locale":"de_DE","og_type":"article","og_title":"F\u00fcr Senioren - Unterst\u00fctzung in der digitalen Welt","og_description":"Sie suchen Unterst\u00fctzung und m\u00f6chten mit einem Coach ein spezifisches Thema \u00fcber einen begrenzten Zeitraum besprechen um weiterzukommen?","og_url":"https:\/\/digi-partner.ch\/?page_id=486","og_site_name":"Digi-Partner","article_modified_time":"2025-03-24T17:11:05+00:00","og_image":[{"width":512,"height":512,"url":"https:\/\/digi-partner.ch\/wp-content\/uploads\/2025\/03\/senior1.png","type":"image\/png"}],"twitter_card":"summary_large_image","twitter_misc":{"Gesch\u00e4tzte Lesezeit":"2\u00a0Minuten"},"schema":{"@context":"https:\/\/schema.org","@graph":[{"@type":"WebPage","@id":"https:\/\/digi-partner.ch\/?page_id=486","url":"https:\/\/digi-partner.ch\/?page_id=486","name":"F\u00fcr Senioren - Unterst\u00fctzung in der digitalen Welt","isPartOf":{"@id":"https:\/\/digi-partner.ch\/#website"},"primaryImageOfPage":{"@id":"https:\/\/digi-partner.ch\/?page_id=486#primaryimage"},"image":{"@id":"https:\/\/digi-partner.ch\/?page_id=486#primaryimage"},"thumbnailUrl":"https:\/\/digi-partner.ch\/wp-content\/uploads\/2025\/03\/senior1.png","datePublished":"2025-03-22T09:16:43+00:00","dateModified":"2025-03-24T17:11:05+00:00","description":"Sie suchen Unterst\u00fctzung und m\u00f6chten mit einem Coach ein spezifisches Thema \u00fcber einen begrenzten Zeitraum besprechen um weiterzukommen?","breadcrumb":{"@id":"https:\/\/digi-partner.ch\/?page_id=486#breadcrumb"},"inLanguage":"de","potentialAction":[{"@type":"ReadAction","target":["https:\/\/digi-partner.ch\/?page_id=486"]}]},{"@type":"ImageObject","inLanguage":"de","@id":"https:\/\/digi-partner.ch\/?page_id=486#primaryimage","url":"https:\/\/digi-partner.ch\/wp-content\/uploads\/2025\/03\/senior1.png","contentUrl":"https:\/\/digi-partner.ch\/wp-content\/uploads\/2025\/03\/senior1.png","width":512,"height":512},{"@type":"BreadcrumbList","@id":"https:\/\/digi-partner.ch\/?page_id=486#breadcrumb","itemListElement":[{"@type":"ListItem","position":1,"name":"Startseite","item":"https:\/\/digi-partner.ch\/"},{"@type":"ListItem","position":2,"name":"F\u00fcr Senioren"}]},{"@type":"WebSite","@id":"https:\/\/digi-partner.ch\/#website","url":"https:\/\/digi-partner.ch\/","name":"Digi-Partner","description":"F\u00fcr Privatpersonen und KMU: Beratung, Coaching, Unterst\u00fctzung, Support und Schulung","publisher":{"@id":"https:\/\/digi-partner.ch\/#organization"},"potentialAction":[{"@type":"SearchAction","target":{"@type":"EntryPoint","urlTemplate":"https:\/\/digi-partner.ch\/?s={search_term_string}"},"query-input":{"@type":"PropertyValueSpecification","valueRequired":true,"valueName":"search_term_string"}}],"inLanguage":"de"},{"@type":"Organization","@id":"https:\/\/digi-partner.ch\/#organization","name":"Digi-Partner","url":"https:\/\/digi-partner.ch\/","logo":{"@type":"ImageObject","inLanguage":"de","@id":"https:\/\/digi-partner.ch\/#\/schema\/logo\/image\/","url":"https:\/\/digi-partner.ch\/wp-content\/uploads\/2024\/11\/cropped-1-b69f62ec_transparent-1.png","contentUrl":"https:\/\/digi-partner.ch\/wp-content\/uploads\/2024\/11\/cropped-1-b69f62ec_transparent-1.png","width":200,"height":160,"caption":"Digi-Partner"},"image":{"@id":"https:\/\/digi-partner.ch\/#\/schema\/logo\/image\/"}}]}},"_links":{"self":[{"href":"https:\/\/digi-partner.ch\/index.php?rest_route=\/wp\/v2\/pages\/486","targetHints":{"allow":["GET"]}}],"collection":[{"href":"https:\/\/digi-partner.ch\/index.php?rest_route=\/wp\/v2\/pages"}],"about":[{"href":"https:\/\/digi-partner.ch\/index.php?rest_route=\/wp\/v2\/types\/page"}],"author":[{"embeddable":true,"href":"https:\/\/digi-partner.ch\/index.php?rest_route=\/wp\/v2\/users\/1"}],"replies":[{"embeddable":true,"href":"https:\/\/digi-partner.ch\/index.php?rest_route=%2Fwp%2Fv2%2Fcomments&post=486"}],"version-history":[{"count":35,"href":"https:\/\/digi-partner.ch\/index.php?rest_route=\/wp\/v2\/pages\/486\/revisions"}],"predecessor-version":[{"id":536,"href":"https:\/\/digi-partner.ch\/index.php?rest_route=\/wp\/v2\/pages\/486\/revisions\/536"}],"wp:attachment":[{"href":"https:\/\/digi-partner.ch\/index.php?rest_route=%2Fwp%2Fv2%2Fmedia&parent=486"}],"curies":[{"name":"wp","href":"https:\/\/api.w.org\/{rel}","templated":true}]}}